{"id":2,"date":"2023-06-29T21:21:31","date_gmt":"2023-06-29T21:21:31","guid":{"rendered":"http:\/\/juliagregorowicz.pl\/?page_id=2"},"modified":"2023-07-04T18:43:10","modified_gmt":"2023-07-04T18:43:10","slug":"julia-gregorowicz","status":"publish","type":"page","link":"https:\/\/juliagregorowicz.pl\/","title":{"rendered":"Julia Gregorowicz"},"content":{"rendered":"\n<blockquote class=\"wp-block-quote is-style-default is-layout-flow wp-block-quote-is-layout-flow\">\n<p class=\"has-text-align-center\">Psycholog, psychoterapeutka w nurcie psychodynamicznym<\/p>\n<\/blockquote>\n\n\n\n<hr class=\"wp-block-separator has-alpha-channel-opacity\"\/>\n\n\n\n<div class=\"wp-block-media-text alignwide is-stacked-on-mobile is-vertically-aligned-center has-background has-medium-font-size\" style=\"background-color:#1092dd;grid-template-columns:29% auto\"><figure class=\"wp-block-media-text__media\"><img loading=\"lazy\" decoding=\"async\" width=\"684\" height=\"1024\" src=\"https:\/\/juliagregorowicz.pl\/wp-content\/uploads\/2023\/06\/zdjecie-na-strone1-684x1024.jpg\" alt=\"\" class=\"wp-image-86 size-full\" srcset=\"https:\/\/juliagregorowicz.pl\/wp-content\/uploads\/2023\/06\/zdjecie-na-strone1-684x1024.jpg 684w, https:\/\/juliagregorowicz.pl\/wp-content\/uploads\/2023\/06\/zdjecie-na-strone1-200x300.jpg 200w, https:\/\/juliagregorowicz.pl\/wp-content\/uploads\/2023\/06\/zdjecie-na-strone1-768x1151.jpg 768w, https:\/\/juliagregorowicz.pl\/wp-content\/uploads\/2023\/06\/zdjecie-na-strone1-1025x1536.jpg 1025w, https:\/\/juliagregorowicz.pl\/wp-content\/uploads\/2023\/06\/zdjecie-na-strone1.jpg 1367w\" sizes=\"auto, (max-width: 684px) 100vw, 684px\" \/><\/figure><div class=\"wp-block-media-text__content\">\n<h3 class=\"wp-block-heading has-text-align-center has-base-color has-text-color has-large-font-size\">Um\u00f3w si\u0119 na konsultacj\u0119:<\/h3>\n\n\n\n<h3 class=\"wp-block-heading has-text-align-center has-base-color has-text-color has-large-font-size\">+48&nbsp;663&nbsp;765 294<\/h3>\n\n\n\n<div class=\"wp-block-group has-global-padding is-layout-constrained wp-block-group-is-layout-constrained\">\n<div class=\"wp-block-buttons is-content-justification-center is-layout-flex wp-container-core-buttons-is-layout-098cc607 wp-block-buttons-is-layout-flex\">\n<div class=\"wp-block-button is-style-outline is-style-outline--1\"><a class=\"wp-block-button__link has-base-color has-text-color has-background has-text-align-center wp-element-button\" href=\"https:\/\/juliagregorowicz.pl\/index.php\/kontakt\/\" style=\"background-color:#ffffff00\">Zarezerwuj termin<\/a><\/div>\n<\/div>\n\n\n\n<p><\/p>\n<\/div>\n<\/div><\/div>\n\n\n\n<p class=\"has-large-font-size\"><\/p>\n\n\n\n<div class=\"wp-block-columns is-layout-flex wp-container-core-columns-is-layout-28f84493 wp-block-columns-is-layout-flex\">\n<div class=\"wp-block-column is-layout-flow wp-block-column-is-layout-flow\">\n<p><\/p>\n<\/div>\n<\/div>\n","protected":false},"excerpt":{"rendered":"<p>Psycholog, psychoterapeutka w nurcie psychodynamicznym<\/p>\n","protected":false},"author":1,"featured_media":0,"parent":0,"menu_order":0,"comment_status":"closed","ping_status":"closed","template":"","meta":{"footnotes":""},"class_list":["post-2","page","type-page","status-publish","hentry"],"yoast_head":"<!-- This site is optimized with the Yoast SEO plugin v20.10 - https:\/\/yoast.com\/wordpress\/plugins\/seo\/ -->\n<title>Julia Gregorowicz - Julia Gregorowicz - Julia Gregorowicz Psychoterapia<\/title>\n<meta name=\"description\" content=\"Julia Gregorowicz - Psychoterapeutka w nurcie psychodynamicznym. Zapraszam do kontaktu i do um\u00f3wienia si\u0119 na kosultacj\u0119\" \/>\n<meta name=\"robots\" content=\"index, follow, max-snippet:-1, max-image-preview:large, max-video-preview:-1\" \/>\n<link rel=\"canonical\" href=\"https:\/\/juliagregorowicz.pl\/\" \/>\n<meta property=\"og:locale\" content=\"pl_PL\" \/>\n<meta property=\"og:type\" content=\"article\" \/>\n<meta property=\"og:title\" content=\"Julia Gregorowicz - Julia Gregorowicz - Julia Gregorowicz Psychoterapia\" \/>\n<meta property=\"og:description\" content=\"Julia Gregorowicz - Psychoterapeutka w nurcie psychodynamicznym. Zapraszam do kontaktu i do um\u00f3wienia si\u0119 na kosultacj\u0119\" \/>\n<meta property=\"og:url\" content=\"https:\/\/juliagregorowicz.pl\/\" \/>\n<meta property=\"og:site_name\" content=\"Julia Gregorowicz\" \/>\n<meta property=\"article:modified_time\" content=\"2023-07-04T18:43:10+00:00\" \/>\n<meta property=\"og:image\" content=\"https:\/\/juliagregorowicz.pl\/wp-content\/uploads\/2023\/06\/zdjecie-na-strone1-684x1024.jpg\" \/>\n<meta name=\"twitter:card\" content=\"summary_large_image\" \/>\n<meta name=\"twitter:label1\" content=\"Szacowany czas czytania\" \/>\n\t<meta name=\"twitter:data1\" content=\"1 minuta\" \/>\n<script type=\"application\/ld+json\" class=\"yoast-schema-graph\">{\"@context\":\"https:\/\/schema.org\",\"@graph\":[{\"@type\":\"WebPage\",\"@id\":\"https:\/\/juliagregorowicz.pl\/\",\"url\":\"https:\/\/juliagregorowicz.pl\/\",\"name\":\"Julia Gregorowicz - Julia Gregorowicz - Julia Gregorowicz Psychoterapia\",\"isPartOf\":{\"@id\":\"https:\/\/juliagregorowicz.pl\/#website\"},\"datePublished\":\"2023-06-29T21:21:31+00:00\",\"dateModified\":\"2023-07-04T18:43:10+00:00\",\"description\":\"Julia Gregorowicz - Psychoterapeutka w nurcie psychodynamicznym. Zapraszam do kontaktu i do um\u00f3wienia si\u0119 na kosultacj\u0119\",\"breadcrumb\":{\"@id\":\"https:\/\/juliagregorowicz.pl\/#breadcrumb\"},\"inLanguage\":\"pl-PL\",\"potentialAction\":[{\"@type\":\"ReadAction\",\"target\":[\"https:\/\/juliagregorowicz.pl\/\"]}]},{\"@type\":\"BreadcrumbList\",\"@id\":\"https:\/\/juliagregorowicz.pl\/#breadcrumb\",\"itemListElement\":[{\"@type\":\"ListItem\",\"position\":1,\"name\":\"Strona g\u0142\u00f3wna\",\"item\":\"https:\/\/juliagregorowicz.pl\/\"},{\"@type\":\"ListItem\",\"position\":2,\"name\":\"Julia Gregorowicz\"}]},{\"@type\":\"WebSite\",\"@id\":\"https:\/\/juliagregorowicz.pl\/#website\",\"url\":\"https:\/\/juliagregorowicz.pl\/\",\"name\":\"Julia Gregorowicz\",\"description\":\"Psychoterapeutka\",\"potentialAction\":[{\"@type\":\"SearchAction\",\"target\":{\"@type\":\"EntryPoint\",\"urlTemplate\":\"https:\/\/juliagregorowicz.pl\/?s={search_term_string}\"},\"query-input\":\"required name=search_term_string\"}],\"inLanguage\":\"pl-PL\"}]}<\/script>\n<!-- \/ Yoast SEO plugin. -->","yoast_head_json":{"title":"Julia Gregorowicz - Julia Gregorowicz - Julia Gregorowicz Psychoterapia","description":"Julia Gregorowicz - Psychoterapeutka w nurcie psychodynamicznym. Zapraszam do kontaktu i do um\u00f3wienia si\u0119 na kosultacj\u0119","robots":{"index":"index","follow":"follow","max-snippet":"max-snippet:-1","max-image-preview":"max-image-preview:large","max-video-preview":"max-video-preview:-1"},"canonical":"https:\/\/juliagregorowicz.pl\/","og_locale":"pl_PL","og_type":"article","og_title":"Julia Gregorowicz - Julia Gregorowicz - Julia Gregorowicz Psychoterapia","og_description":"Julia Gregorowicz - Psychoterapeutka w nurcie psychodynamicznym. Zapraszam do kontaktu i do um\u00f3wienia si\u0119 na kosultacj\u0119","og_url":"https:\/\/juliagregorowicz.pl\/","og_site_name":"Julia Gregorowicz","article_modified_time":"2023-07-04T18:43:10+00:00","og_image":[{"url":"https:\/\/juliagregorowicz.pl\/wp-content\/uploads\/2023\/06\/zdjecie-na-strone1-684x1024.jpg"}],"twitter_card":"summary_large_image","twitter_misc":{"Szacowany czas czytania":"1 minuta"},"schema":{"@context":"https:\/\/schema.org","@graph":[{"@type":"WebPage","@id":"https:\/\/juliagregorowicz.pl\/","url":"https:\/\/juliagregorowicz.pl\/","name":"Julia Gregorowicz - Julia Gregorowicz - Julia Gregorowicz Psychoterapia","isPartOf":{"@id":"https:\/\/juliagregorowicz.pl\/#website"},"datePublished":"2023-06-29T21:21:31+00:00","dateModified":"2023-07-04T18:43:10+00:00","description":"Julia Gregorowicz - Psychoterapeutka w nurcie psychodynamicznym. Zapraszam do kontaktu i do um\u00f3wienia si\u0119 na kosultacj\u0119","breadcrumb":{"@id":"https:\/\/juliagregorowicz.pl\/#breadcrumb"},"inLanguage":"pl-PL","potentialAction":[{"@type":"ReadAction","target":["https:\/\/juliagregorowicz.pl\/"]}]},{"@type":"BreadcrumbList","@id":"https:\/\/juliagregorowicz.pl\/#breadcrumb","itemListElement":[{"@type":"ListItem","position":1,"name":"Strona g\u0142\u00f3wna","item":"https:\/\/juliagregorowicz.pl\/"},{"@type":"ListItem","position":2,"name":"Julia Gregorowicz"}]},{"@type":"WebSite","@id":"https:\/\/juliagregorowicz.pl\/#website","url":"https:\/\/juliagregorowicz.pl\/","name":"Julia Gregorowicz","description":"Psychoterapeutka","potentialAction":[{"@type":"SearchAction","target":{"@type":"EntryPoint","urlTemplate":"https:\/\/juliagregorowicz.pl\/?s={search_term_string}"},"query-input":"required name=search_term_string"}],"inLanguage":"pl-PL"}]}},"_links":{"self":[{"href":"https:\/\/juliagregorowicz.pl\/index.php\/wp-json\/wp\/v2\/pages\/2","targetHints":{"allow":["GET"]}}],"collection":[{"href":"https:\/\/juliagregorowicz.pl\/index.php\/wp-json\/wp\/v2\/pages"}],"about":[{"href":"https:\/\/juliagregorowicz.pl\/index.php\/wp-json\/wp\/v2\/types\/page"}],"author":[{"embeddable":true,"href":"https:\/\/juliagregorowicz.pl\/index.php\/wp-json\/wp\/v2\/users\/1"}],"replies":[{"embeddable":true,"href":"https:\/\/juliagregorowicz.pl\/index.php\/wp-json\/wp\/v2\/comments?post=2"}],"version-history":[{"count":50,"href":"https:\/\/juliagregorowicz.pl\/index.php\/wp-json\/wp\/v2\/pages\/2\/revisions"}],"predecessor-version":[{"id":223,"href":"https:\/\/juliagregorowicz.pl\/index.php\/wp-json\/wp\/v2\/pages\/2\/revisions\/223"}],"wp:attachment":[{"href":"https:\/\/juliagregorowicz.pl\/index.php\/wp-json\/wp\/v2\/media?parent=2"}],"curies":[{"name":"wp","href":"https:\/\/api.w.org\/{rel}","templated":true}]}}